 5?
5
Suppose -151 + 39 = -2*y. Calculate the greatest common factor of y and 7.
7
Suppose 0 = h - 2*h + 8. Let l be ((-4)/6)/(8/(-2004)). Let w = l + -95. Calculate the highest common divisor of w and h.
8
Let f(n) = -n + 3. Let d be f(2). Let r = -1 - d. Let z = 8 + r. Calculate the highest common factor of z and 6.
6
Suppose 2*x + 132 = 366. What is the greatest common divisor of 13 and x?
13
Let d(c) = c + 1. Let p be d(8). Calculate the greatest common factor of 9 and p.
9
Let b = -8 + 15. What is the highest common divisor of b and 7?
7
Suppose 2*x + 6 + 0 = 2*f, 2*f = -3*x + 16. Let q(r) = 2*r + 8. Let d be q(-8). Let j be (d/f)/(2/(-165)). What is the highest common factor of j and 12?
12
Let j(z) = -29*z**3 - 2*z**2 - 2*z - 1. Let v be j(-3). Suppose 0 = -2*q + 4 + 4. Suppose s = -q*s + v. Calculate the highest common factor of s and 14.
14
Suppose 35*m = 30*m + 65. Calculate the greatest common divisor of 1 and m.
1
Let k(n) = 33*n**2 - 2*n - 1. Let x be k(-1). Calculate the greatest common factor of 34 and x.
34
Suppose -i = -3*i + 2. Let q = 4 - i. Let j = -15 - -33. What is the greatest common divisor of j and q?
3
Let a be -1 + -1 - (-12 + 0). Suppose -3*y + 5*f + 31 = 1, y - 5*f = 10. Calculate the greatest common divisor of a and y.
10
Let b = 89 - 29. Suppose 2*a - a = b. What is the highest common divisor of a and 24?
12
Let k = 1 + 2. Suppose 3*b = k*v - 0 + 3, 0 = 5*b - 2*v - 20. What is the highest common divisor of 18 and b?
6
Let k(x) = -10*x**2 + 0*x**3 - 6*x - x**3 - 1 + 3*x**2. Let j be k(-6). Let r be j/(-3) - (-88)/6. What is the greatest common divisor of r and 15?
15
Suppose 0 = c - 4, -5*v + 4*c - 54 + 713 = 0. What is the highest common factor of v and 54?
27
Let s = 402 - -41. Suppose -3*u + s = 143. Calculate the greatest common factor of u and 20.
20
Let c = -1 - -12. Let s be 22*(28/(-8) + 4). What is the greatest common factor of s and c?
11
Let j be (2/3)/(2/21). Let u = -2 + j. Calculate the greatest common divisor of u and 10.
5
Let a be 2*(-22*2 + 2). Let u be (a/(-30))/(2/10). Calculate the highest common divisor of 154 and u.
14
Let x be (2/8)/((-4)/(-16)). Let u be (11 - -2) + 15/5. Let n = u - x. Calculate the greatest common factor of 75 and n.
15
Let t(s) be the second derivative of 7*s**3/6 - 3*s**2 + 4*s. Let v be t(4). Let x = -21 + 32. What is the highest common divisor of x and v?
11
Let v = -26 + 59. Let d(y) = 2*y + 3. Let w be d(4). What is the highest common divisor of w and v?
11
Let h(g) be the first derivative of -g**4/4 - 13*g**3/3 - 11*g**2/2 + 13*g + 3. Let l be h(-12). What is the greatest common divisor of l and 1?
1
Let d = 2 + -17. Let r = 0 - 6. Let i = r - d. Calculate the highest common factor of i and 63.
9
Let s(o) = 4*o - 2. Suppose 3*h = 2*m + 21 - 5, -2*h - 1 = m. Let q be s(h). Calculate the greatest common factor of q and 3.
3
Suppose 440 + 472 = 6*b. Calculate the highest common divisor of b and 8.
8
Suppose -2*x - y = -4, 0 = 3*x - 0*x - 2*y - 20. Suppose -x*j = -2*j - 80. What is the greatest common divisor of j and 100?
20
Let c(x) = -x**3 + 10*x**2 + x - 8. Let u be c(10). What is the highest common factor of u and 22?
2
Let m(a) = -a**2 + 5*a + 4. Let x be m(5). What is the greatest common factor of x and 36?
4
Let c = 362 - 133. Let f = -121 + c. Let r be 0 + 0 + f + -3. What is the greatest common divisor of 15 and r?
15
Let g = 8 - 7. What is the highest common factor of 7 and g?
1
Suppose -4*f + 0*g + 833 = g, 2*g - 1039 = -5*f. Let z = -74 + f. What is the highest common factor of 54 and z?
27
Let v be 6*-2*1/(-3). What is the greatest common factor of 4 and v?
4
Let m = -54 + 63. Calculate the highest common factor of m and 81.
9
Let m(p) = 5*p**2 - 2*p - 3. Let q be m(3). What is the greatest common factor of q and 24?
12
Let r = -6 - 0. Let m be (-21)/r*(-4 - -2). Let i be 2/m + 96/42. Calculate the highest common divisor of 2 and i.
2
Suppose 5*z - 10 = -0. Suppose 4*f = 5*r + 22, -f + 12 = -3*r + z*f. Let c(u) = -u - 1. Let m be c(r). Calculate the greatest common factor of 5 and m.
5
Suppose 0*b - 6*b = -12. What is the greatest common factor of 14 and b?
2
Let g(s) = s**2 - 4*s - 3. Let j(m) = m**3 - 4*m**2 + 2*m + 1. Let d be j(2). Let p be g(d). What is the greatest common divisor of 162 and p?
18
Let c be 7/(-1)*162/(-21). What is the greatest common divisor of c and 72?
18
Suppose 0 = b + 4, 0*z + 3*b + 3 = -3*z. Suppose z*s + 3*a = 99, 6 = -a - a. Calculate the highest common factor of 4 and s.
4
Let f(r) = 17*r - 2. Let s be f(9). Let b = -32 + s. Suppose -l = -4*x + 479, 2*x - b = x + l. Calculate the highest common divisor of 15 and x.
15
Suppose 2*u + 20 = 7*u. Calculate the highest common factor of 28 and u.
4
Suppose 0 = -0*b - 4*b. Suppose 6*x - 4*x - 24 = b. Calculate the greatest common divisor of 30 and x.
6
Let a be (-2)/4 + 182/4. Let r be ((-133)/14 + 1/2)*-2. What is the greatest common factor of r and a?
9
Suppose s + 5 = -4*g + 25, 3*s - 3*g = 0. Suppose 3*o - 4*o = 30. Let z = -14 - o. Calculate the greatest common divisor of s and z.
4
Let g(n) = 2*n - 6. Let y be g(4). Let k(c) = c + 8. Let i be k(-6). Let q be (i - 2 - 2)/(-1). Calculate the highest common divisor of q and y.
2
Let y(s) = s**3 - 7*s**2 + 4*s - 19. Let p be y(8). Calculate the greatest common factor of p and 11.
11
Suppose 3*b = 4*f - 23, -3*f + 24 = -4*b - f. Let v(y) = -y**2 + 2*y + 1. Let o be v(b). Let p = -16 - o. Calculate the highest common factor of 2 and p.
2
Let a(w) be the first derivative of 243*w**2/2 - w + 1. Let n be a(1). Suppose -12 = -4*f, -2*o + 2*f + 4 = -34. What is the highest common divisor of n and o?
22
Let c be 3/(1 + 8/(-6)). Let t = 10 + c. Calculate the greatest common factor of t and 2.
1
Let c = 5 + -2. Let m(y) = 7*y - 2 + y**c + y**2 - 3*y**2 - 4*y**2. Let z be m(5). What is the greatest common divisor of z and 56?
8
Suppose -3*k + 4 = -p - 4, -2*k - 4*p = 4. Suppose -b = -k*b - 6. Let c be (-574)/b + (-3)/(-9). What is the highest common factor of c and 12?
12
Suppose -108 = -4*x + w - 5*w, -2*x + 3*w = -59. Suppose d = 22 + 48. What is the greatest common divisor of d and x?
14
Suppose 4*p + 372 + 376 = 0. Let k = -110 - p. Let y be 0 + 0 - (-11)/1. Calculate the greatest common divisor of k and y.
11
Let d(b) = -b**3 - 7*b**2 - 3*b + 1. Let h be d(-7). Let v = -3 + 8. Suppose v*n = 291 - 16. Calculate the greatest common divisor of h and n.
11
Let l(b) = -b**2 + 18. Let g be l(0). Suppose 4*w = -g + 114. Suppose -4*o + 3*o = 2*c - w, 0 = 4*o + 5*c - 96. What is the highest common factor of 36 and o?
12
Let x be (-20)/(-9) - (-4)/(-18). Let k be 3 - 0 - (-1 + x). Suppose -k*r - 44 + 220 = 0. Calculate the greatest common factor of r and 8.
8
Suppose x = 31 - 11. What is the highest common factor of 10 and x?
10
Let m be 4/(-10) + 162/5. Let r = -10 + m. Let w = 54 - -1. Calculate the greatest common factor of r and w.
11
Let p(g) = -12*g - 4. Let a be p(-4). Let b(y) = -y + 4. Let n be b(0). Calculate the highest common factor of n and a.
4
Suppose -5 = 2*b + 3*o, 5*b - 18 = -o + 2. Let u be 100/(5 + 0) - 0/2. Calculate the highest common factor of u and b.
5
Suppose 2*y = 3*o - 0*o + 13, 5*o = -5. Suppose 3*a = 4*g - 167, y*a = 3*g - 78 - 39. What is the highest common factor of 4 and g?
4
Let p(m) = 2 + 1 + 0 + 6*m. Let y = -12 - -19. Let x be p(y). Calculate the highest common factor of 5 and x.
5
Let z(v) = -v**3 + 10*v**2 + 5*v - 8. Let t be z(10). Suppose 0 = -f + 4*b + 12, -4*f + 0*b - 2*b + 120 = 0. Calculate the highest common divisor of f and t.
14
Suppose -244 = -4*u - 3*k, 4*u = -0*k + k + 228. Calculate the highest common factor of u and 232.
58
Let z be 125 + (0/(-3))/1. What is the highest common factor of 50 and z?
25
Suppose 3 = x - 60. Calculate the greatest common factor of x and 7.
7
Suppose -1 - 3 = -2*d. Suppose -d + 3 = n. Suppose 4*x - 20 - 16 = 0. What is the highest common factor of x and n?
1
Suppose 7*v - 44 = 3*v. What is the highest common divisor of v and 11?
11
Let c(y) = -4*y - 2*y + 4*y - 1 + 3. Let i be c(2). Let b be i/(-7) + (-19)/(-7). What is the highest common divisor of b and 1?
1
Let p be 2/(-10) + (1344/20 - -5). Let n be (1 + 15)*(-2)/(-4). What is the greatest common divisor of